{"id":562,"date":"2019-08-13T18:58:40","date_gmt":"2019-08-13T21:58:40","guid":{"rendered":"http:\/\/exlibris.usal.edu.ar\/?page_id=562"},"modified":"2019-08-21T20:01:15","modified_gmt":"2019-08-21T23:01:15","slug":"stanislaj-de-guaita","status":"publish","type":"page","link":"https:\/\/exlibris.usal.edu.ar\/index.php\/stanislaj-de-guaita\/","title":{"rendered":"Stanislaj de Guaita"},"content":{"rendered":"<div id=\"pl-562\"  class=\"panel-layout\" ><div id=\"pg-562-0\"  class=\"panel-grid panel-has-style\" ><div class=\"libros panel-row-style panel-row-style-for-562-0\" id=\"libros\" ><div id=\"pgc-562-0-0\"  class=\"panel-grid-cell\" ><div id=\"panel-562-0-0-0\" class=\"so-panel widget widget_sow-image panel-first-child panel-last-child\" data-index=\"0\" ><div\n\t\t\t\n\t\t\tclass=\"so-widget-sow-image so-widget-sow-image-default-a5258576d588-562\"\n\t\t\t\n\t\t>\n\n<div class=\"sow-image-container\">\n\t\t\t<a href=\"http:\/\/exlibris.usal.edu.ar\/wp-content\/uploads\/2019\/08\/18-STANILAJ.jpg\"\n\t\t\ttarget=\"_blank\" rel=\"noopener noreferrer\" \t\t>\n\t\t\t<img src=\"https:\/\/exlibris.usal.edu.ar\/wp-content\/uploads\/2019\/08\/deguaita_descripcion.png\" width=\"436\" height=\"534\" srcset=\"https:\/\/exlibris.usal.edu.ar\/wp-content\/uploads\/2019\/08\/deguaita_descripcion.png 436w, https:\/\/exlibris.usal.edu.ar\/wp-content\/uploads\/2019\/08\/deguaita_descripcion-245x300.png 245w\" sizes=\"(max-width: 436px) 100vw, 436px\" alt=\"\" loading=\"lazy\" \t\tclass=\"so-widget-image\"\/>\n\t<\/a><\/div>\n\n<\/div><\/div><\/div><div id=\"pgc-562-0-1\"  class=\"panel-grid-cell\" ><div id=\"panel-562-0-1-0\" class=\"so-panel widget widget_sow-editor panel-first-child panel-last-child\" data-index=\"1\" ><div\n\t\t\t\n\t\t\tclass=\"so-widget-sow-editor so-widget-sow-editor-base\"\n\t\t\t\n\t\t>\n<div class=\"siteorigin-widget-tinymce textwidget\">\n\t<p><img decoding=\"async\" loading=\"lazy\" class=\"alignnone wp-image-767 size-full\" src=\"http:\/\/exlibris.usal.edu.ar\/wp-content\/uploads\/2019\/08\/deguaita_titulo.png\" alt=\"\" width=\"608\" height=\"71\" srcset=\"https:\/\/exlibris.usal.edu.ar\/wp-content\/uploads\/2019\/08\/deguaita_titulo.png 608w, https:\/\/exlibris.usal.edu.ar\/wp-content\/uploads\/2019\/08\/deguaita_titulo-300x35.png 300w\" sizes=\"(max-width: 608px) 100vw, 608px\" \/><\/p>\n<p><span style=\"font-weight: 400;\">Autor: No identificado<br \/>\n<\/span><span style=\"font-weight: 400;\">Propietario: Stanislaj de Guaita<br \/>\n<\/span><span style=\"font-weight: 400;\">Tipo: Manuscrito en tinta<br \/>\n<\/span>Medida: 1,7 x 4,6 cm.<span style=\"font-weight: 400;\">\u00a0 \u00a0<\/span><\/p>\n<p><span style=\"font-weight: 400;\">Se exhibe aqu\u00ed el <\/span><i><span style=\"font-weight: 400;\">ex libris<\/span><\/i><span style=\"font-weight: 400;\"> manuscrito del poeta y ocultista Stanislaj de Guaita (1861-1897), fundador de la Orden Cabal\u00edstica de la Rosacruz en 1888. Esta Orden estaba dedicada al estudio de la c\u00e1bala, la alquimia y las antiguas tradiciones ocultistas. Tras la muerte de Guaita, la Orden tuvo unos pocos a\u00f1os de supervivencia. Guaita predic\u00f3 un espiritualismo que exaltaba la tradici\u00f3n cristiana y una forma de gobierno ideal, la sinarqu\u00eda, la que conducir\u00eda al advenimiento del reino de Dios. Este ejemplar presenta otras marcas de sentido para la masoner\u00eda y la alquimia. En la retiraci\u00f3n de tapa lleva pegada una estampa con un ave sobre el fuego bajo el acr\u00f3nimo INRI. El Pr\u00edncipe de la Roza Cruz ten\u00eda como meta buscar la palabra perdida que, para la tradici\u00f3n cabal\u00edstica, Dios hab\u00eda emitido en el momento de la creaci\u00f3n del mundo. Diversas argumentaciones de la masoner\u00eda otorgan al acr\u00f3nimo diferentes sentidos, sin embargo, el m\u00e1s aceptado es <\/span><i><span style=\"font-weight: 400;\">Igne Natura Renovatur Integra<\/span><\/i><span style=\"font-weight: 400;\"> (en lat\u00edn, la naturaleza ser\u00e1 \u00edntegramente renovada por el fuego), sentido que es el utilizado tambi\u00e9n por los alquimistas. El Ave F\u00e9nix es el s\u00edmbolo de la Alquimia Herm\u00e9tica y representa la transmutaci\u00f3n de la naturaleza inferior humana hacia la superior, y el proceso natural de vida, muerte, resurrecci\u00f3n.\u00a0<\/span><\/p>\n<hr \/>\n<p><b>COLESP F6-CU7<\/b><\/p>\n<p><span style=\"font-weight: 400;\">Bonneville, Nicolas de<\/span><\/p>\n<p><span style=\"font-weight: 400;\">Les J\u00e9suites chass\u00e9s de la ma\u00e7onnerie et leur poignard bris\u00e9 par les ma\u00e7ons \/ La ma\u00e7onnerie \u00e9cossoise compar\u00e9e avec les trois professions et le secret des Templiers du XIVe si\u00e8cle [Nicolas de Bonneville]. \u2014 Orient de Londres [Paris] : J.-G. Robinson, 1788. \u2014 2 v. (3, 148 ; 136, 54 p.) ; 8\u00ba (21 cm.)<\/span><\/p>\n<p><span style=\"font-weight: 400;\">Contenidos: v.1: La ma\u00e7onnerie \u00e9cossoise compar\u00e9e avec les trois professions et le secret des Templiers du XIVe si\u00e8cle. \u2014 v.2: M\u00eamet\u00e9 des quatre voeux de la Compagnie de S. Ignace et des quatre grades de la ma\u00e7onnerie de S. Jean.<\/span><\/p>\n<hr \/>\n<p><a href=\"http:\/\/exlibris.usal.edu.ar\/index.php\/staudt\/\"><img decoding=\"async\" loading=\"lazy\" class=\"size-full wp-image-955 alignright\" src=\"http:\/\/exlibris.usal.edu.ar\/wp-content\/uploads\/2019\/08\/siguiente.png\" alt=\"\" width=\"163\" height=\"50\" \/><\/a> <a href=\"http:\/\/exlibris.usal.edu.ar\/index.php\/trostine\/\"><img decoding=\"async\" loading=\"lazy\" class=\"size-full wp-image-967 alignleft\" src=\"http:\/\/exlibris.usal.edu.ar\/wp-content\/uploads\/2019\/08\/anterior.png\" alt=\"\" width=\"163\" height=\"50\" \/><\/a><\/p>\n<\/div>\n<\/div><\/div><\/div><\/div><\/div><div id=\"pg-562-1\"  class=\"panel-grid panel-has-style\" ><div class=\"footer panel-row-style panel-row-style-for-562-1\" ><div id=\"pgc-562-1-0\"  class=\"panel-grid-cell\" ><div id=\"panel-562-1-0-0\" class=\"so-panel widget widget_sow-editor panel-first-child panel-last-child\" data-index=\"2\" ><div\n\t\t\t\n\t\t\tclass=\"so-widget-sow-editor so-widget-sow-editor-base\"\n\t\t\t\n\t\t>\n<div class=\"siteorigin-widget-tinymce textwidget\">\n\t<p><a href=\"http:\/\/www.usal.edu.ar\" target=\"_blank\" rel=\"noopener\"><img decoding=\"async\" loading=\"lazy\" class=\"size-full wp-image-909 aligncenter\" src=\"http:\/\/exlibris.usal.edu.ar\/wp-content\/uploads\/2019\/08\/usal_logo.png\" alt=\"\" width=\"230\" height=\"103\" \/><\/a><\/p>\n<\/div>\n<\/div><\/div><\/div><div id=\"pgc-562-1-1\"  class=\"panel-grid-cell\" ><div id=\"panel-562-1-1-0\" class=\"so-panel widget widget_sow-editor panel-first-child panel-last-child\" data-index=\"3\" ><div\n\t\t\t\n\t\t\tclass=\"so-widget-sow-editor so-widget-sow-editor-base\"\n\t\t\t\n\t\t>\n<div class=\"siteorigin-widget-tinymce textwidget\">\n\t<p><a href=\"http:\/\/bibliotecas.usal.edu.ar\/biblio_inicio\" target=\"_blank\" rel=\"noopener\"><img decoding=\"async\" loading=\"lazy\" class=\"size-full wp-image-894 aligncenter\" src=\"http:\/\/exlibris.usal.edu.ar\/wp-content\/uploads\/2019\/08\/biblioteca_logo.png\" alt=\"\" width=\"230\" height=\"103\" \/><\/a><\/p>\n<\/div>\n<\/div><\/div><\/div><div id=\"pgc-562-1-2\"  class=\"panel-grid-cell\" ><div id=\"panel-562-1-2-0\" class=\"so-panel widget widget_sow-editor panel-first-child panel-last-child\" data-index=\"4\" ><div\n\t\t\t\n\t\t\tclass=\"so-widget-sow-editor so-widget-sow-editor-base\"\n\t\t\t\n\t\t>\n<div class=\"siteorigin-widget-tinymce textwidget\">\n\t<p><a href=\"https:\/\/bibliotecahistorica.usal.edu.ar\/\" target=\"_blank\" rel=\"noopener\"><img decoding=\"async\" loading=\"lazy\" class=\"size-full wp-image-893 aligncenter\" src=\"http:\/\/exlibris.usal.edu.ar\/wp-content\/uploads\/2019\/08\/archivo_logo.png\" alt=\"\" width=\"313\" height=\"103\" srcset=\"https:\/\/exlibris.usal.edu.ar\/wp-content\/uploads\/2019\/08\/archivo_logo.png 313w, https:\/\/exlibris.usal.edu.ar\/wp-content\/uploads\/2019\/08\/archivo_logo-300x99.png 300w\" sizes=\"(max-width: 313px) 100vw, 313px\" \/><\/a><\/p>\n<\/div>\n<\/div><\/div><\/div><\/div><\/div><\/div>","protected":false},"excerpt":{"rendered":"<p>Autor: No identificado Propietario: Stanislaj de Guaita Tipo: Manuscrito en tinta Medida: 1,7 x 4,6 cm.\u00a0 \u00a0 Se exhibe aqu\u00ed el ex libris manuscrito del poeta y ocultista Stanislaj de<\/p>\n<p class=\"more-link\"><a href=\"https:\/\/exlibris.usal.edu.ar\/index.php\/stanislaj-de-guaita\/\" class=\"readmore\">Continue reading<span class=\"screen-reader-text\">Stanislaj de Guaita<\/span><\/a><\/p>\n","protected":false},"author":1,"featured_media":0,"parent":0,"menu_order":21,"comment_status":"closed","ping_status":"closed","template":"","meta":[],"_links":{"self":[{"href":"https:\/\/exlibris.usal.edu.ar\/index.php\/wp-json\/wp\/v2\/pages\/562"}],"collection":[{"href":"https:\/\/exlibris.usal.edu.ar\/index.php\/wp-json\/wp\/v2\/pages"}],"about":[{"href":"https:\/\/exlibris.usal.edu.ar\/index.php\/wp-json\/wp\/v2\/types\/page"}],"author":[{"embeddable":true,"href":"https:\/\/exlibris.usal.edu.ar\/index.php\/wp-json\/wp\/v2\/users\/1"}],"replies":[{"embeddable":true,"href":"https:\/\/exlibris.usal.edu.ar\/index.php\/wp-json\/wp\/v2\/comments?post=562"}],"version-history":[{"count":16,"href":"https:\/\/exlibris.usal.edu.ar\/index.php\/wp-json\/wp\/v2\/pages\/562\/revisions"}],"predecessor-version":[{"id":1223,"href":"https:\/\/exlibris.usal.edu.ar\/index.php\/wp-json\/wp\/v2\/pages\/562\/revisions\/1223"}],"wp:attachment":[{"href":"https:\/\/exlibris.usal.edu.ar\/index.php\/wp-json\/wp\/v2\/media?parent=562"}],"curies":[{"name":"wp","href":"https:\/\/api.w.org\/{rel}","templated":true}]}}